{"id":2048,"date":"2025-11-21T18:30:46","date_gmt":"2025-11-21T17:30:46","guid":{"rendered":"https:\/\/akcesoriathermomix.pl\/product\/ulubione-lody-gotowanie-z-thermomix\/"},"modified":"2026-06-16T17:26:07","modified_gmt":"2026-06-16T15:26:07","slug":"ulubione-lody-gotowanie-z-thermomix","status":"publish","type":"product","link":"https:\/\/akcesoriathermomix.pl\/cs\/produkt\/ulubione-lody-gotowanie-z-thermomix\/","title":{"rendered":"Obl\u00edben\u00e1 zmrzlina: va\u0159en\u00ed s Thermomixem"},"content":{"rendered":"<section class=\"section\">\n<div class=\"item item-6\">\n<section class=\"text-item\">U\u017d MIXUJE\u0160? M\u00e1\u0161 chu\u0165 na zmrzlinu? Jasn\u011b! V\u017edycky \u2013 na ja\u0159e, v l\u00e9t\u011b, na podzim i v zim\u011b, p\u0159i +30 i -30 \u00b0C. Zmrzlinov\u00e9 latte v kr\u00e1sn\u00fd letn\u00ed den, \u00fat\u011b\u0161n\u00fd \u010dokol\u00e1dov\u00fd z\u00e1\u017eitek p\u0159i zlomen\u00e9m srdci nebo v\u00fdjime\u010dn\u00fd z\u00e1zvorov\u00fd sen Aliny \u2013 s pomoc\u00ed Thermomixu\u00ae a sb\u00edrky recept\u016f na\u0161\u00ed autorky Aliny Henke si m\u016f\u017ee\u0161 sv\u00e9 obl\u00edben\u00e9 zmrzliny vykouzlit s\u00e1m, snadno a rychle! Najdete tu v\u0161e \u2013 osv\u011b\u017euj\u00edc\u00ed polozmrazen\u00e9 parfaits, lahodn\u00e9 sorbety a granity, ledov\u00e9 frapp\u00e9, sladkou kr\u00e9movou ml\u00e9\u010dnou zmrzlinu i vynikaj\u00edc\u00ed smetanovou \u2013 r\u00e1j pro smysly. Alina Henke se s v\u00e1mi pod\u011bl\u00ed nejen o praktick\u00e9 rady, jak hygienicky p\u0159ipravit zmrzlinu bez zmrzlinova\u010de, ale tak\u00e9 vypr\u00e1v\u00ed fascinuj\u00edc\u00ed historii zmrzliny, jej\u00ed\u017e po\u010d\u00e1tky sahaj\u00ed a\u017e do antiky. P\u0159itom samoz\u0159ejm\u011b v\u0161echny recepty, jak je u kolekce MIXtipp obvykl\u00e9, lze rychle p\u0159ipravit pomoc\u00ed TM5\u00ae nebo TM31\u00ae \u2013 p\u0159esn\u011b to prav\u00e9 pro hork\u00fd letn\u00ed den!<\/p>\n<\/section>\n<\/div>\n<div class=\"item item-6\">\n<section class=\"image-item\"><img decoding=\"async\" src=\"https:\/\/upload.cdn.baselinker.com\/products\/4017452\/5c08a085dc25627becb24d3be08fd96f.jpg\" \/><\/section>\n<\/div>\n<\/section>\n<section class=\"section\">\n<div class=\"item item-6\">\n<section class=\"image-item\"><img decoding=\"async\" src=\"https:\/\/upload.cdn.baselinker.com\/products\/4017452\/14aec34a1ba90cb4cf7db887831e4326.jpg\" \/><\/section>\n<\/div>\n<div class=\"item item-6\">\n<section class=\"text-item\">\n<h2>Podrobnosti o produktu<\/h2>\n<ul>\n<li><b>Vydavatel .<\/b>\u00a0Lempertz Edition und Verlagsbuchhandlung (30. kv\u011btna 2018)<\/li>\n<li><b>M\u011bkk\u00e1 vazba .<\/b>\u00a0110 stran.<\/li>\n<li><b>ISBN-10 .<\/b>\u00a03960581653<\/li>\n<li><b>ISBN-13 .<\/b>\u00a0978-3960581659<\/li>\n<li><b>Rozm\u011bry .<\/b>\u00a016,99 \u00d7 0,64 \u00d7 24 cm<\/li>\n<\/ul>\n<\/section>\n<\/div>\n<\/section>","protected":false},"excerpt":{"rendered":"<p>CZY JU\u017b MIXUJESZ? Masz ochot\u0119 na lody? Pewnie! Zawsze \u2013 wiosn\u0105, latem, jesieni\u0105 i zim\u0105, przy +30 i -30\u00b0C. Mro\u017cona Latte w pi\u0119kny letni dzie\u0144, pocieszaj\u0105cy czekoladowy szok przy z\u0142amanym sercu czy wyj\u0105tkowe imbirowe marzenie Aliny \u2013 z pomoc\u0105 Thermomix\u00ae i kolekcji przepis\u00f3w naszej autorki Aliny Henke mo\u017cesz samemu prosto i szybko wyczarowa\u0107 swoje ulubione [&hellip;]<\/p>","protected":false},"featured_media":2046,"comment_status":"open","ping_status":"closed","template":"","meta":[],"product_brand":[50],"product_cat":[65],"product_tag":[],"class_list":["post-2048","product","type-product","status-publish","has-post-thumbnail","product_brand-bez-marki","product_cat-thermomix","first","instock","taxable","shipping-taxable","purchasable","product-type-simple"],"_links":{"self":[{"href":"https:\/\/akcesoriathermomix.pl\/cs\/wp-json\/wp\/v2\/product\/2048","targetHints":{"allow":["GET"]}}],"collection":[{"href":"https:\/\/akcesoriathermomix.pl\/cs\/wp-json\/wp\/v2\/product"}],"about":[{"href":"https:\/\/akcesoriathermomix.pl\/cs\/wp-json\/wp\/v2\/types\/product"}],"replies":[{"embeddable":true,"href":"https:\/\/akcesoriathermomix.pl\/cs\/wp-json\/wp\/v2\/comments?post=2048"}],"version-history":[{"count":1,"href":"https:\/\/akcesoriathermomix.pl\/cs\/wp-json\/wp\/v2\/product\/2048\/revisions"}],"predecessor-version":[{"id":2890,"href":"https:\/\/akcesoriathermomix.pl\/cs\/wp-json\/wp\/v2\/product\/2048\/revisions\/2890"}],"wp:featuredmedia":[{"embeddable":true,"href":"https:\/\/akcesoriathermomix.pl\/cs\/wp-json\/wp\/v2\/media\/2046"}],"wp:attachment":[{"href":"https:\/\/akcesoriathermomix.pl\/cs\/wp-json\/wp\/v2\/media?parent=2048"}],"wp:term":[{"taxonomy":"product_brand","embeddable":true,"href":"https:\/\/akcesoriathermomix.pl\/cs\/wp-json\/wp\/v2\/product_brand?post=2048"},{"taxonomy":"product_cat","embeddable":true,"href":"https:\/\/akcesoriathermomix.pl\/cs\/wp-json\/wp\/v2\/product_cat?post=2048"},{"taxonomy":"product_tag","embeddable":true,"href":"https:\/\/akcesoriathermomix.pl\/cs\/wp-json\/wp\/v2\/product_tag?post=2048"}],"curies":[{"name":"wp","href":"https:\/\/api.w.org\/{rel}","templated":true}]}}

Oblíbená zmrzlina: vaření s Thermomixem

<section class="section">
<div class="item item-6">
<section class="text-item">UŽ MIXUJEŠ? Máš chuť na zmrzlinu? Jasně! Vždycky – na jaře, v létě, na podzim i v zimě, při +30 i -30 °C. Zmrzlinové latte v krásný letní den, útěšný čokoládový zážitek při zlomeném srdci nebo výjimečný zázvorový sen Aliny – s pomocí Thermomixu® a sbírky receptů naší autorky Aliny Henke si můžeš své oblíbené zmrzliny vykouzlit sám, snadno a rychle! Najdete tu vše – osvěžující polozmrazené parfaits, lahodné sorbety a granity, ledové frappé, sladkou krémovou mléčnou zmrzlinu i vynikající smetanovou – ráj pro smysly. Alina Henke se s vámi podělí nejen o praktické rady, jak hygienicky připravit zmrzlinu bez zmrzlinovače, ale také vypráví fascinující historii zmrzliny, jejíž počátky sahají až do antiky. Přitom samozřejmě všechny recepty, jak je u kolekce MIXtipp obvyklé, lze rychle připravit pomocí TM5® nebo TM31® – přesně to pravé pro horký letní den!</p>
</section>
</div>
<div class="item item-6">
<section class="image-item"><img decoding="async" src="https://upload.cdn.baselinker.com/products/4017452/5c08a085dc25627becb24d3be08fd96f.jpg" /></section>
</div>
</section>
<section class="section">
<div class="item item-6">
<section class="image-item"><img decoding="async" src="https://upload.cdn.baselinker.com/products/4017452/14aec34a1ba90cb4cf7db887831e4326.jpg" /></section>
</div>
<div class="item item-6">
<section class="text-item">
<h2>Podrobnosti o produktu</h2>
<ul>
<li><b>Vydavatel .</b> Lempertz Edition und Verlagsbuchhandlung (30. května 2018)</li>
<li><b>Měkká vazba .</b> 110 stran.</li>
<li><b>ISBN-10 .</b> 3960581653</li>
<li><b>ISBN-13 .</b> 978-3960581659</li>
<li><b>Rozměry .</b> 16,99 × 0,64 × 24 cm</li>
</ul>
</section>
</div>
</section>

<p>CZY JUŻ MIXUJESZ? Masz ochotę na lody? Pewnie! Zawsze – wiosną, latem, jesienią i zimą, przy +30 i -30°C. Mrożona Latte w piękny letni dzień, pocieszający czekoladowy szok przy złamanym sercu czy wyjątkowe imbirowe marzenie Aliny – z pomocą Thermomix® i kolekcji przepisów naszej autorki Aliny Henke możesz samemu prosto i szybko wyczarować swoje ulubione [&hellip;]</p>
