{"id":2654,"date":"2026-01-16T16:57:04","date_gmt":"2026-01-16T15:57:04","guid":{"rendered":"https:\/\/akcesoriathermomix.pl\/produkt\/obieraczka-do-warzyw-do-thermomix-tm7-oslona-noza-2w1-tarcza-obierajaca\/"},"modified":"2026-08-28T11:29:50","modified_gmt":"2026-08-28T09:29:50","slug":"obieraczka-do-warzyw-do-thermomix-tm7-oslona-noza-2w1-tarcza-obierajaca","status":"publish","type":"product","link":"https:\/\/akcesoriathermomix.pl\/cs\/produkt\/obieraczka-do-warzyw-do-thermomix-tm7-oslona-noza-2w1-tarcza-obierajaca\/","title":{"rendered":"Trh\u00e1\u010dek na zeleninu pro THERMOMIX TM7 + pouzdro na n\u016f\u017e 2v1 \/ Trhac\u00ed c\u00edl"},"content":{"rendered":"<section class=\"section\">\n<div class=\"item item-12\">\n<section class=\"text-item\">\n<h1>\u0160krabka na zeleninu a chr\u00e1ni\u010d mixovac\u00edch no\u017e\u016f v jednom pro Thermomix TM7<\/h1>\n<\/section><\/div>\n<\/section>\n<section class=\"section\">\n<div class=\"item item-6\">\n<section class=\"image-item\"><img decoding=\"async\" src=\"https:\/\/upload.cdn.baselinker.com\/products\/4017452\/1e61dc79c1cc0c51b1fc5ebacc13d682.jpg\" \/><\/section>\n<\/p><\/div>\n<div class=\"item item-6\">\n<section class=\"text-item\">\n<h2>Pouzdro na n\u016f\u017e 2v1 a \u0161krabka na zeleninu<\/h2>\n<p><b>\u2705Pouzdro na n\u016f\u017e <\/b>chr\u00e1n\u00ed p\u0159\u00edsady p\u0159ed p\u0159\u00edm\u00fdm kontaktem s mixovac\u00edm no\u017eem a zabra\u0148uje jejich rozdrcen\u00ed.<\/p>\n<p><b>\u2705<\/b>V\u00fdrobek p\u016fsob\u00ed jako <b>loup\u00e1n\u00ed zeleniny<\/b> jako je \u010derven\u00e1 \u0159epa, brambory a mrkev.<\/p>\n<\/section><\/div>\n<\/section>\n<section class=\"section\">\n<div class=\"item item-6\">\n<section class=\"image-item\"><img decoding=\"async\" src=\"https:\/\/upload.cdn.baselinker.com\/products\/4017452\/1afca3e758d498718a7bd15ba3b46e35.jpg\" \/><\/section>\n<\/p><\/div>\n<div class=\"item item-6\">\n<section class=\"text-item\">\n<h2>Bezpe\u010dn\u00e9 a efektivn\u00ed va\u0159en\u00ed<\/h2>\n<p>\u00da\u010dinn\u00fd \u0161t\u00edt <b>chr\u00e1n\u00ed p\u0159\u00edsady p\u0159ed kontaktem s mixovac\u00edm no\u017eem.<\/b>, kter\u00e1 umo\u017e\u0148uje bezpe\u010dn\u00e9 va\u0159en\u00ed p\u0159i ni\u017e\u0161\u00edch teplot\u00e1ch. D\u00edky tomu m\u016f\u017eete pou\u017e\u00edvat <b>Pomal\u00e9 va\u0159en\u00ed<\/b> nebo <b>Sous-vide<\/b> <b>bez obav, \u017ee se p\u0159\u00edsady rozm\u011bln\u00ed nebo rozdrt\u00ed o n\u016f\u017e.<\/b><\/p>\n<p><b>\u2705Ide\u00e1ln\u011b se hod\u00ed k p\u0159\u00edprav\u011b jemn\u00fdch pokrm\u016f, jako jsou om\u00e1\u010dky, v\u00fdvary nebo kr\u00e9my.<\/b><\/p>\n<\/section><\/div>\n<\/section>\n<section class=\"section\">\n<div class=\"item item-6\">\n<section class=\"image-item\"><img decoding=\"async\" src=\"https:\/\/upload.cdn.baselinker.com\/products\/4017452\/ddbd527138932817d0b7f807f609f04b.jpg\" \/><\/section>\n<\/p><\/div>\n<div class=\"item item-6\">\n<section class=\"text-item\">\n<h2>Materi\u00e1l bezpe\u010dn\u00fd pro potraviny<\/h2>\n<p>Pouzdro no\u017ee je vyrobeno z<b> kovov\u00fd materi\u00e1l<\/b>, d\u00edky \u010demu\u017e je mimo\u0159\u00e1dn\u011b odoln\u00fd a z\u00e1rove\u0148 se snadno udr\u017euje v \u010distot\u011b. V\u00fdrobek je vyroben z materi\u00e1lu vhodn\u00e9ho pro potraviny.<\/p>\n<p><b>\u2705Kryt lze m\u00fdt v my\u010dce n\u00e1dob\u00ed nebo ru\u010dn\u011b<\/b><\/p>\n<\/section><\/div>\n<\/section>\n<section class=\"section\">\n<div class=\"item item-6\">\n<section class=\"image-item\"><img decoding=\"async\" src=\"https:\/\/upload.cdn.baselinker.com\/products\/4017452\/363f3b700b6ae9f19e53b47c4f334914.jpg\" \/><\/section>\n<\/p><\/div>\n<div class=\"item item-6\">\n<section class=\"text-item\">\n<h2>Kompatibiln\u00ed s modely Thermomix<\/h2>\n<p>Ochrann\u00fd kryt no\u017e\u016f je pln\u011b kompatibiln\u00ed s obl\u00edben\u00fdmi modely Thermomix. <b>TM7<\/b><\/p>\n<p><b>\u2705TM7 kompatibilita<\/b><\/p>\n<\/section><\/div>\n<\/section>\n<section class=\"section\">\n<div class=\"item item-6\">\n<section class=\"image-item\"><img decoding=\"async\" src=\"https:\/\/upload.cdn.baselinker.com\/products\/4017452\/88dbbb6e688bdd1779fa737b3c5f3bcd.jpg\" \/><\/section>\n<\/p><\/div>\n<div class=\"item item-6\">\n<section class=\"text-item\">\n<h2>Specifikace v\u00fdrobku:<\/h2>\n<ul>\n<li><b>Materi\u00e1l<\/b>: kovov\u00fd materi\u00e1l bezpe\u010dn\u00fd pro potraviny<\/li>\n<li><b>Funkce<\/b>: \u0161krabka na zeleninu, ochrann\u00fd kryt \u010depele mix\u00e9ru<\/li>\n<li><b>\u010ci\u0161t\u011bn\u00ed<\/b>lze m\u00fdt v my\u010dce n\u00e1dob\u00ed<\/li>\n<\/ul>\n<\/section><\/div>\n<\/section>","protected":false},"excerpt":{"rendered":"<p>Obieraczka do warzyw oraz Os\u0142ona No\u017ca Miksuj\u0105cego w jednym do Thermomix TM7 2W1 os\u0142ona no\u017ca i obieraczka do warzyw \u2705Os\u0142ona no\u017ca chroni sk\u0142adniki przed bezpo\u015brednim kontaktem z no\u017cem miksuj\u0105cym oraz zapobiega ich rozdrobnieniu. \u2705Produkt pe\u0142ni funkcj\u0119 obierania warzyw takich jak: buraki, ziemniaki, marchewka. Bezpieczne i skuteczne gotowanie Os\u0142ona skutecznie chroni sk\u0142adniki przed styczno\u015bci\u0105 z no\u017cem [&hellip;]<\/p>","protected":false},"featured_media":2649,"comment_status":"open","ping_status":"closed","template":"","meta":[],"product_brand":[50],"product_cat":[65],"product_tag":[],"class_list":["post-2654","product","type-product","status-publish","has-post-thumbnail","product_brand-bez-marki","product_cat-thermomix","first","instock","taxable","shipping-taxable","purchasable","product-type-simple"],"_links":{"self":[{"href":"https:\/\/akcesoriathermomix.pl\/cs\/wp-json\/wp\/v2\/product\/2654","targetHints":{"allow":["GET"]}}],"collection":[{"href":"https:\/\/akcesoriathermomix.pl\/cs\/wp-json\/wp\/v2\/product"}],"about":[{"href":"https:\/\/akcesoriathermomix.pl\/cs\/wp-json\/wp\/v2\/types\/product"}],"replies":[{"embeddable":true,"href":"https:\/\/akcesoriathermomix.pl\/cs\/wp-json\/wp\/v2\/comments?post=2654"}],"version-history":[{"count":1,"href":"https:\/\/akcesoriathermomix.pl\/cs\/wp-json\/wp\/v2\/product\/2654\/revisions"}],"predecessor-version":[{"id":2877,"href":"https:\/\/akcesoriathermomix.pl\/cs\/wp-json\/wp\/v2\/product\/2654\/revisions\/2877"}],"wp:featuredmedia":[{"embeddable":true,"href":"https:\/\/akcesoriathermomix.pl\/cs\/wp-json\/wp\/v2\/media\/2649"}],"wp:attachment":[{"href":"https:\/\/akcesoriathermomix.pl\/cs\/wp-json\/wp\/v2\/media?parent=2654"}],"wp:term":[{"taxonomy":"product_brand","embeddable":true,"href":"https:\/\/akcesoriathermomix.pl\/cs\/wp-json\/wp\/v2\/product_brand?post=2654"},{"taxonomy":"product_cat","embeddable":true,"href":"https:\/\/akcesoriathermomix.pl\/cs\/wp-json\/wp\/v2\/product_cat?post=2654"},{"taxonomy":"product_tag","embeddable":true,"href":"https:\/\/akcesoriathermomix.pl\/cs\/wp-json\/wp\/v2\/product_tag?post=2654"}],"curies":[{"name":"wp","href":"https:\/\/api.w.org\/{rel}","templated":true}]}}

Trháček na zeleninu pro THERMOMIX TM7 + pouzdro na nůž 2v1 / Trhací cíl

<section class="section">
<div class="item item-12">
<section class="text-item">
<h1>Škrabka na zeleninu a chránič mixovacích nožů v jednom pro Thermomix TM7</h1>
</section></div>
</section>
<section class="section">
<div class="item item-6">
<section class="image-item"><img decoding="async" src="https://upload.cdn.baselinker.com/products/4017452/1e61dc79c1cc0c51b1fc5ebacc13d682.jpg" /></section>
</p></div>
<div class="item item-6">
<section class="text-item">
<h2>Pouzdro na nůž 2v1 a škrabka na zeleninu</h2>
<p><b>✅Pouzdro na nůž </b>chrání přísady před přímým kontaktem s mixovacím nožem a zabraňuje jejich rozdrcení.</p>
<p><b>✅</b>Výrobek působí jako <b>loupání zeleniny</b> jako je červená řepa, brambory a mrkev.</p>
</section></div>
</section>
<section class="section">
<div class="item item-6">
<section class="image-item"><img decoding="async" src="https://upload.cdn.baselinker.com/products/4017452/1afca3e758d498718a7bd15ba3b46e35.jpg" /></section>
</p></div>
<div class="item item-6">
<section class="text-item">
<h2>Bezpečné a efektivní vaření</h2>
<p>Účinný štít <b>chrání přísady před kontaktem s mixovacím nožem.</b>, která umožňuje bezpečné vaření při nižších teplotách. Díky tomu můžete používat <b>Pomalé vaření</b> nebo <b>Sous-vide</b> <b>bez obav, že se přísady rozmělní nebo rozdrtí o nůž.</b></p>
<p><b>✅Ideálně se hodí k přípravě jemných pokrmů, jako jsou omáčky, vývary nebo krémy.</b></p>
</section></div>
</section>
<section class="section">
<div class="item item-6">
<section class="image-item"><img decoding="async" src="https://upload.cdn.baselinker.com/products/4017452/ddbd527138932817d0b7f807f609f04b.jpg" /></section>
</p></div>
<div class="item item-6">
<section class="text-item">
<h2>Materiál bezpečný pro potraviny</h2>
<p>Pouzdro nože je vyrobeno z<b> kovový materiál</b>, díky čemuž je mimořádně odolný a zároveň se snadno udržuje v čistotě. Výrobek je vyroben z materiálu vhodného pro potraviny.</p>
<p><b>✅Kryt lze mýt v myčce nádobí nebo ručně</b></p>
</section></div>
</section>
<section class="section">
<div class="item item-6">
<section class="image-item"><img decoding="async" src="https://upload.cdn.baselinker.com/products/4017452/363f3b700b6ae9f19e53b47c4f334914.jpg" /></section>
</p></div>
<div class="item item-6">
<section class="text-item">
<h2>Kompatibilní s modely Thermomix</h2>
<p>Ochranný kryt nožů je plně kompatibilní s oblíbenými modely Thermomix. <b>TM7</b></p>
<p><b>✅TM7 kompatibilita</b></p>
</section></div>
</section>
<section class="section">
<div class="item item-6">
<section class="image-item"><img decoding="async" src="https://upload.cdn.baselinker.com/products/4017452/88dbbb6e688bdd1779fa737b3c5f3bcd.jpg" /></section>
</p></div>
<div class="item item-6">
<section class="text-item">
<h2>Specifikace výrobku:</h2>
<ul>
<li><b>Materiál</b>: kovový materiál bezpečný pro potraviny</li>
<li><b>Funkce</b>: škrabka na zeleninu, ochranný kryt čepele mixéru</li>
<li><b>Čištění</b>lze mýt v myčce nádobí</li>
</ul>
</section></div>
</section>

<p>Obieraczka do warzyw oraz Osłona Noża Miksującego w jednym do Thermomix TM7 2W1 osłona noża i obieraczka do warzyw ✅Osłona noża chroni składniki przed bezpośrednim kontaktem z nożem miksującym oraz zapobiega ich rozdrobnieniu. ✅Produkt pełni funkcję obierania warzyw takich jak: buraki, ziemniaki, marchewka. Bezpieczne i skuteczne gotowanie Osłona skutecznie chroni składniki przed stycznością z nożem [&hellip;]</p>
